{"id":32,"date":"2016-04-10T09:17:26","date_gmt":"2016-04-10T08:17:26","guid":{"rendered":"http:\/\/patryl.fr\/wordpress\/?page_id=32"},"modified":"2016-04-10T09:18:05","modified_gmt":"2016-04-10T08:18:05","slug":"carte","status":"publish","type":"page","link":"https:\/\/patryl.fr\/wordpress\/carte\/","title":{"rendered":"Carte"},"content":{"rendered":"<div id=\"lmm_0186faee\" style=\"width:640px;\" class=\"mapsmarker markermap marker-1\">\n<div id=\"lmm_panel_0186faee\" class=\"lmm-panel\" style=\"background:#efefef;\">\n<div id=\"lmm_panel_api_0186faee\" class=\"lmm-panel-api\"><a href=\"https:\/\/maps.google.com\/maps?daddr=-34.860693,138.614502&amp;t=m&amp;layer=1&amp;doflg=ptk&amp;om=0\" target=\"_blank\" title=\"Obtenir l&#039;itin\u00e9raire\"><img alt=\"icon-car.png\" src=\"https:\/\/patryl.fr\/wordpress\/wp-content\/plugins\/leaflet-maps-marker\/inc\/img\/icon-car.png\" width=\"14\" height=\"14\" class=\"lmm-panel-api-images\" \/><\/a><a href=\"https:\/\/patryl.fr\/wordpress\/wp-content\/plugins\/leaflet-maps-marker\/leaflet-kml.php?marker=1&amp;name=show\" style=\"text-decoration:none;\" title=\"Exportation en KML pour Google Earth\/Google Maps\"><img src=\"https:\/\/patryl.fr\/wordpress\/wp-content\/plugins\/leaflet-maps-marker\/inc\/img\/icon-kml.png\" width=\"14\" height=\"14\" alt=\"KML-Logo\" class=\"lmm-panel-api-images\" \/><\/a><a href=\"https:\/\/patryl.fr\/wordpress\/wp-content\/plugins\/leaflet-maps-marker\/leaflet-fullscreen.php?marker=1\" style=\"text-decoration:none;\" title=\"Ouvrir la carte toute seule en mode plein \u00e9cran\" target=\"_blank\"><img src=\"https:\/\/patryl.fr\/wordpress\/wp-content\/plugins\/leaflet-maps-marker\/inc\/img\/icon-fullscreen.png\" width=\"14\" height=\"14\" alt=\"Fullscreen-Logo\" class=\"lmm-panel-api-images\" \/><\/a><a href=\"https:\/\/patryl.fr\/wordpress\/wp-content\/plugins\/leaflet-maps-marker\/leaflet-geojson.php?marker=1&amp;callback=jsonp&amp;full=yes&amp;full_icon_url=yes\" style=\"text-decoration:none;\" title=\"Exporter au format GeoJSON\" target=\"_blank\"><img src=\"https:\/\/patryl.fr\/wordpress\/wp-content\/plugins\/leaflet-maps-marker\/inc\/img\/icon-json.png\" width=\"14\" height=\"14\" alt=\"GeoJSON-Logo\" class=\"lmm-panel-api-images\" \/><\/a><a href=\"https:\/\/patryl.fr\/wordpress\/wp-content\/plugins\/leaflet-maps-marker\/leaflet-georss.php?marker=1\" style=\"text-decoration:none;\" title=\"Exporter au format GeoRSS\" target=\"_blank\"><img src=\"https:\/\/patryl.fr\/wordpress\/wp-content\/plugins\/leaflet-maps-marker\/inc\/img\/icon-georss.png\" width=\"14\" height=\"14\" alt=\"GeoRSS-Logo\" class=\"lmm-panel-api-images\" \/><\/a><\/div><div id=\"lmm_panel_text_0186faee\" class=\"lmm-panel-text\" style=\"font-weight:bold;color:#373737;\">Arriv\u00e9 en Australie<\/div><\/div>\n<div id=\"lmm_map_0186faee\" class=\"lmm-map\" style=\"background:#f6f6f6;border:1px solid #ccc;height:480px; overflow:hidden;padding:0;\"><p style=\"font-size:80%;color:#9f9e9e;margin-left:5px;\">chargement de la carte - veuillez patienter...<noscript><br\/><strong>La carte ne peut \u00eatre charg\u00e9e - s'il vous pla\u00eet activer Javascript !<\/strong><br\/><a style=\"text-decoration:none;\" href=\"https:\/\/www.mapsmarker.com\/js-disabled\" target=\"_blank\">&rarr; plus d'informations<\/a><\/noscript><\/p><\/div>\n<div id=\"lmm_geo_tags_0186faee\" class=\"lmm-geo-tags geo\">\n<span class=\"paneltext\">Arriv\u00e9 en Australie<\/span>\n<span class=\"latitude\">-34.860693<\/span>, <span class=\"longitude\">138.614502<\/span>\n<span class=\"popuptext\"><\/span>\n<\/div>\n<\/div>\n","protected":false},"excerpt":{"rendered":"","protected":false},"author":1,"featured_media":0,"parent":0,"menu_order":0,"comment_status":"closed","ping_status":"closed","template":"","meta":[],"_links":{"self":[{"href":"https:\/\/patryl.fr\/wordpress\/wp-json\/wp\/v2\/pages\/32"}],"collection":[{"href":"https:\/\/patryl.fr\/wordpress\/wp-json\/wp\/v2\/pages"}],"about":[{"href":"https:\/\/patryl.fr\/wordpress\/wp-json\/wp\/v2\/types\/page"}],"author":[{"embeddable":true,"href":"https:\/\/patryl.fr\/wordpress\/wp-json\/wp\/v2\/users\/1"}],"replies":[{"embeddable":true,"href":"https:\/\/patryl.fr\/wordpress\/wp-json\/wp\/v2\/comments?post=32"}],"version-history":[{"count":2,"href":"https:\/\/patryl.fr\/wordpress\/wp-json\/wp\/v2\/pages\/32\/revisions"}],"predecessor-version":[{"id":34,"href":"https:\/\/patryl.fr\/wordpress\/wp-json\/wp\/v2\/pages\/32\/revisions\/34"}],"wp:attachment":[{"href":"https:\/\/patryl.fr\/wordpress\/wp-json\/wp\/v2\/media?parent=32"}],"curies":[{"name":"wp","href":"https:\/\/api.w.org\/{rel}","templated":true}]}}